= n*y. Suppose 40*z + 2751 = f*z. Is z prime?
False
Suppose -6*t + 20*t - 21854 = 0. Is t prime?
False
Let f(o) = o**2 - 2*o - 3. Let b be f(-2). Suppose -18 = -b*n + 2. Suppose -2*g = -3*v + 1265, -v + n*g = -2*v + 403. Is v a prime number?
True
Let h = -19 + 17. Is 11/33*(-3)/h*1994 a prime number?
True
Suppose 10 = 3*n + 2*n. Is 517*(-5)/(n - 7) a prime number?
False
Let c = 11 + 48. Suppose -427 = -3*s + 2*m, -2*s + 151 = -s - 5*m. Let a = s - c. Is a composite?
True
Let s be 0/(4 - 2) - -4. Suppose 1295 = s*q - 5709. Suppose -q = -3*a - 494. Is a a composite number?
False
Suppose 0 = -63*x + 13*x + 82450. Is x a composite number?
True
Is 5862*4*287/168 composite?
True
Is ((-578177)/(-106))/(-1 + 6/4) composite?
False
Let i(x) = -x**3 - 5*x**2 + 5. Let j be i(-5). Suppose 2*n = u + 4*u - 2215, -5*u + j*n + 2215 = 0. Is u a prime number?
True
Suppose -13*f - 317349 = -22*f. Is f composite?
True
Is 78245 + (18/(-27) - (-42)/9) a composite number?
True
Suppose -3*x - 5 = -2*s - 2*s, 0 = 5*x - s - 3. Let y(i) = -9 - i + 11*i - 5 + x. Is y(6) composite?
False
Suppose -5*q = -13294 - 15601. Is q prime?
True
Let k(s) = -s**2 - 3*s - 3. Let y be k(-2). Let g(q) = -6*q**3 - q**2 - q - 1. Let v be g(y). Suppose 1999 = 3*z - 0*z - 4*j, -v*j = -10. Is z prime?
False
Suppose 4*w - 1811 = 257. Is w composite?
True
Let n = -19249 + 29738. Is n composite?
True
Let m = -55 - -40. Is (-1 - 25/m) + (-2714)/(-6) a composite number?
True
Suppose -l + 2*y = -0*l + 8, -5*y + 18 = -2*l. Is ((-14686)/(-21))/(l/(-6)) prime?
True
Let t = 8 - 10. Let v be ((-10)/(-15))/(t/(-4251)). Suppose v = 2*g + 5*m, g - 638 - 98 = 3*m. Is g composite?
True
Let a(d) = 96*d**2 - d. Suppose 2*y - y = -10. Let f be y/4 - (-18)/12. Is a(f) composite?
False
Suppose 7 = -2*o + 15. Let s be 6238/o + 21/(-14). Suppose -4*m + 236 = z - 281, -5*m = 3*z - s. Is z composite?
False
Let o(j) = -82*j + 1. Let s(c) = 83*c - 1. Let g(p) = -3*o(p) - 4*s(p). Is g(-8) composite?
True
Suppose 0 = 3*q + k - 225838, 0 = -3*q - 3*k + 269970 - 44142. Is q a composite number?
True
Suppose -3*d = 20 - 50. Let x be d*18 - (3 + -5). Is -1 - (x/(-2) - -1) a prime number?
True
Let x(b) be the third derivative of b**6/120 - 13*b**5/60 + 11*b**4/24 + 5*b**3/2 + 2*b**2. Let m be x(12). Suppose -287 + 20 = -m*j. Is j composite?
False
Suppose -4*j + 5*w + 25 + 994 = 0, 2*w = -2*j + 496. Is j a composite number?
False
Is ((-8696)/(-16))/((-2)/(-4)) a prime number?
True
Suppose z - 3084 = -4*a, 2*a - 3*z + 1542 = 4*a. Suppose 3*v = 96 + a. Is v a composite number?
True
Suppose 5*f + 5 = 0, t - f = -3*t + 6065. Suppose -5*a + 5*v - 788 = -6*a, 2*a - t = 2*v. Is a a composite number?
True
Let a be -1 + (-4 - (-5 - 0)). Let p = -5 + 10. Suppose f + f = -p*b + 191, a = 2*b - 10. Is f a composite number?
False
Let z(y) = -56*y + 23. Let m be z(-18). Suppose 0 = 4*x - 3*x - m. Is x a prime number?
True
Let k(h) = -84*h - 29. Let o be (-1 + 3/(-4)*2)*2. Is k(o) a prime number?
False
Let t(h) = -h**2 - 13*h - 10. Let g be t(-12). Suppose 2*f = -g*f + 580. Is f prime?
False
Let t be (6621 - 12)/(6/8). Is t/(-3 + 1)*(-3)/6 prime?
True
Is ((-95)/57)/(20/(-57396)) prime?
True
Suppose m - 242 = -5*x, m + 783 = 4*m - 4*x. Is m a prime number?
True
Suppose 3*d = 8*d - 30. Suppose 2 = -i - d. Is (-844)/i*2*1 a prime number?
True
Suppose 12*l - 35531 = 17017. Is l prime?
False
Suppose r + 2*r = 44283. Is r a prime number?
False
Suppose 0 = 3*w + 2*p + 51, 3*p - 87 = 5*w + 7*p. Suppose u - 246 = -2*u. Let h = w + u. Is h composite?
False
Let j(v) = 7*v + 5 + v**2 + 4*v**2 + 7. Let u be j(9). Suppose -5*l - 5*x = -u - 60, -241 = -2*l + 3*x. Is l composite?
False
Let x = 470 - 311. Suppose b + 0*b = x. Is b a composite number?
True
Let i(v) = -3*v**3 + 2*v**2 - 4*v + 2. Let s be i(-3). Let d(o) = 29*o + 3. Let q be d(3). Let r = s + q. Is r composite?
True
Suppose 0 = -6*o + 7*o - 2. Suppose 0 = -o*u - 3*u - 15. Is u/(-12) + 231/4 a prime number?
False
Let h(n) = n**3 - 6*n**2 - 7*n + 7. Let z be h(7). Suppose z*f - 3*f = 3484. Is f a prime number?
False
Let d = 43 + 0. Suppose 0*i = -5*i + 40. Let j = d + i. Is j composite?
True
Suppose 2*y = 5 + 1. Suppose y*o + 4*h - 406 = -0*o, -2*h = -2. Suppose o = -36*d + 38*d. Is d a prime number?
True
Suppose 670*n + 136985 = 675*n. Is n prime?
True
Is (-64)/80 - 30659/(-5) a prime number?
True
Suppose 0*c = 4*i + 3*c - 75536, 94421 = 5*i + 4*c. Is i prime?
False
Let d = -9731 + 14512. Is d prime?
False
Suppose 7 - 7 = 4*m. Suppose -q + 5*x = 114 - 1631, m = 4*x + 12. Is q prime?
False
Let n(g) = 94*g**3 + 2*g**2 + 9*g - 2. Is n(3) prime?
False
Let r be (-37 + -2)/((-6)/18). Suppose 3*u + 3*m + r = 774, 904 = 4*u - 3*m. Let q = u - 134. Is q composite?
False
Let y(n) = -n**3 - 8*n**2 + 13*n + 1. Let q(j) = j**2 - 15*j + 4. Let l(m) = -3*m + 14. Let r be l(0). Let f be q(r). Is y(f) a composite number?
False
Is (-67407)/6*(2 + -6) prime?
False
Let x(d) = 4*d**2 - d. Let m be ((-4)/(-12))/(3/36). Suppose 3*u - 7 = m*u. Is x(u) a prime number?
False
Let p = 23 + -20. Suppose -p*v + 6373 = -4*v. Is 39/104 + v/(-8) a prime number?
True
Let h(r) be the third derivative of r**4/24 + r**3/6 + 8*r**2. Let q be h(-4). Is 2/q + (-6332)/(-12) a prime number?
False
Let c be -4 + (284/4 - 0). Let p(m) = 4*m**2 + 2*m + c*m**3 - 19*m**3 - 3*m**2 + 0 - 1. Is p(2) composite?
True
Suppose 3*x + 117 = -3*y + 909, 4*x + y = 1065. Is x composite?
True
Let w(s) = 43*s - 26. Is w(21) composite?
False
Let w(t) = -2*t - 9. Suppose -3*u - u = -4, -4*x - 5*u = 23. Let v be w(x). Suppose 4*c - v*d - 54 = 43, 3*d - 89 = -4*c. Is c prime?
True
Let j(y) = -1971*y + 8. Let d = 50 + -51. Is j(d) a prime number?
True
Suppose -2*j + 5 + 1 = p, -3*p + 7 = -5*j. Let r(v) = 130*v**2 + 1. Is r(j) prime?
True
Let b be (0/3 - 2)*(-1)/(-2). Let w(z) = -973*z**3 + 4*z + 2. Is w(b) composite?
False
Let a be (-12)/16 - (-363)/(-12). Let x = a - -348. Is x composite?
False
Let q(h) = -2*h**3 + h**2 + 5*h + 5. Let i be q(-2). Suppose -2*r + 0*r = 0. Suppose r = -5*n + i. Is n composite?
False
Let j = -3046 - -4906. Let t = j + -1051. Is t a prime number?
True
Suppose 0 = 3*n - 2*w - 3*w - 3102, 4*n + 2*w - 4110 = 0. Suppose -3*b - 464 = -2*q + 218, 3*q - n = 3*b. Let x = q - 156. Is x a composite number?
False
Suppose -74*l - 104395 = -79*l. Is l a prime number?
True
Let z(t) = 126*t**3 + 9*t**2 - 24*t + 10. Is z(7) prime?
False
Suppose -66642 = -13*x + 25255. Is x composite?
False
Let f be -10*(4/6 + (-3714)/36). Suppose -3*l = 3*p - 1542, -2*p + f = -0*p + 3*l. Is p prime?
False
Let y = 17 - 11. Let l = 9 - y. Suppose 0 = l*m + 2*m - 705. Is m a composite number?
True
Is (24 + -10546)*(-1)/2 a composite number?
False
Let b(k) = k**2 - 2. Let x be b(-5). Let q(i) = -40*i + 1. Let d be q(-3). Suppose -2*h + d = x. Is h a prime number?
False
Is 12/(-66) - 25062/(-22) a prime number?
False
Let m(j) = j**3 - 4*j**2 - 4*j - 2. Let i be m(5). Suppose 2*u + i*o - 2095 = 0, u - 3147 = -2*u - 3*o. Is (2/(-4))/((-2)/u) a prime number?
True
Let d = 5 - 6. Is d/(4 + (-7092)/1772) composite?
False
Let a(i) = -3*i + 25. Let o be a(7). Suppose -o*f = -3*x - 0*f + 478, 0 = -4*x - f + 631. Is x a composite number?
True
Suppose 2*g - 3*r = 199 + 513, -2*g = r - 704. Let k = -244 + g. Is k a prime number?
True
Is 1 + 187188/24 + (-2)/(-4) a prime number?
False
Let f(t) = t**2 - 5*t - 10. Let w be f(7). Let c(l) = 105*l - 11. Is c(w) a composite number?
False
Suppose 2*j + 3*j + 1245 = 0. Is 1/(0 + (-3)/j) a prime number?
True
Suppose -2545 = -z - 2*z + 5*j, 3*z - 2553 = 3*j. Suppose 0 = -5*r + z + 580. Is r a composite number?
True
Suppose -2*d - 84 = -m, 3*d = 5*m + 6*d - 407. Is (-6 + 2 + 27)/(2/m) a prime number?
False
Let u = -4482 - -14353. Is u a prime number?
True
Suppose 2*w = 5*c - 4095, -116 = -c - 2*w + 715. Is c a prime number?
True
Suppose 0 = -381*g + 394*g - 335543. Is g composite?
True
Let i = 362 + -203. Suppose 481 - i = 2*t. Suppose 0 = -4*l - y + 644, 0*y - 4*y = l - t. Is l composite?
True
Let m be 2 - -3*2/6. Suppose -m*f + 611 - 38 = 0. Is f prime?
True
Suppose -9*o = -0*o - 22527. Is o prime?
True
Let o(d) = 0*d - 10*d - 14*d**3 + 3 + 17*d**3 + 6*d**2 + 0*d. Is o(4) prime?
True
Let b(a) = 599*a**3 - 2*a**2 + 20*a - 32. Is b(3) a p